= 2*g. What is the remainder when n is divided by g?
26
Let v = 5128 - 4775. Calculate the remainder when v is divided by 132.
89
Let j(n) = -101*n**2 - 30*n + 46*n**2 - 7*n + 53*n**2 + 50. Calculate the remainder when j(-19) is divided by 16.
15
Suppose 15 = q - 3*r, 0 = -8*r + 3*r - 5. Let n = q + -5. Suppose 6 = -2*b + 2*y + 2*y, -2*b - 2*y + 12 = 0. What is the remainder when n is divided by b?
1
Suppose 2*r + 78 = j, 2*j - 4*j + 138 = 2*r. Calculate the remainder when j is divided by 69.
3
Let s(j) = -j**3 - 43*j**2 - 42*j - 3. Let z be s(-42). Let r(y) = -112*y + 123. What is the remainder when r(z) is divided by 92?
91
What is the remainder when 343 is divided by ((-1026)/21)/(13/(-91))?
1
Suppose -471*k - 2*x - 40 = -473*k, -2*x + 72 = 6*k. Calculate the remainder when 707 is divided by k.
7
Let j = -11169 + 11180. What is the remainder when 2748 is divided by j?
9
Let w be ((-93)/(-6)*2/(-3))/(88/(-2640)). Let s be 0/2*(-2 - -3). Suppose s = 5*j + v - w, 5*v - 2 = 23. What is the remainder when j is divided by 21?
19
Let b = 68 - 24. Let j(z) = z**2 + 13*z - 11. Let w be j(-12). Let q = w + b. Calculate the remainder when 58 is divided by q.
16
Suppose o - 560 = -3*o. Let f = 227 - 227. Calculate the remainder when o is divided by (-22)/(-1) - (-1 + (-1 - f)).
20
Let v = 10463 + -10423. Suppose 46 = -4*w + 14. Let a = w + 19. Calculate the remainder when v is divided by a.
7
Let o(k) = k**2 + 26*k - 312. Let u be o(-35). Suppose 5*s - 459 = f, 5*f - 257 = -u*s + f. What is the remainder when 998 is divided by s?
88
Let z = 4362 + -8646. Calculate the remainder when (-4)/3*z/21 is divided by 21.
20
Suppose -571*i + 10408 = -5228 - 10630. What is the remainder when 862 is divided by i?
34
Let f(k) be the second derivative of k**3/2 - 63*k**2/2 + 8*k. Let p = 58 - 32. Calculate the remainder when 59 is divided by f(p).
14
Suppose -12*f - 4176 = -48*f. Let t = 265 - f. Calculate the remainder when t is divided by 18.
5
Let l(c) = -c**3 - 8*c**2 - 35*c + 32. Let w be l(-14). Let s = w + -1693. Calculate the remainder when 0 - 14*(2 - 3) is divided by s.
4
Suppose 56 - 11 = 9*m. Suppose -m*q - 81 = -2*w, -2*w + 5*q + 63 = 6*q. Calculate the remainder when 120 is divided by w.
21
Suppose -15*l = 54*l - 31*l - 40470. What is the remainder when 1082 is divided by l?
17
Let u = 8068 - 3469. Suppose -5*v + 5*r + u + 1891 = 0, -3*r - 2597 = -2*v. What is the remainder when v is divided by 52?
49
Let b(l) = 11*l**2 - 43*l + 148. What is the remainder when 373 is divided by b(3)?
19
Let j = -524 - -527. Suppose -j = -5*r + 47. Let p(s) = 6*s - 7. Calculate the remainder when p(6) is divided by r.
9
What is the remainder when (-13)/(351/(-18)) - -1*(-133707)/(-9) is divided by 19?
18
Let r be 2 + (5 + -2 - -109). Let z = 132 - r. Suppose 0 = 2*d - 44 - z. Calculate the remainder when 152 is divided by d.
28
Let s = 33032 - 32926. What is the remainder when 138 is divided by s?
32
Let z(v) = 2*v**2 - 332*v + 1214. What is the remainder when z(0) is divided by 111?
104
Let g(s) be the first derivative of 3*s**2/2 + 59*s - 35. Let d(w) = 2*w + 39. Let y(k) = 8*d(k) - 5*g(k). What is the remainder when 111 is divided by y(11)?
27
Let d be 28/7 + (0 - -2). Suppose 22*x = 24*x - d. Suppose -x = 9*v - 183. Calculate the remainder when 59 is divided by v.
19
Suppose 2*m - 3*g = 57, -2*g + 22 + 40 = 2*m. Let d(f) = 24*f - 80. Let p be d(-6). Let l = 310 + p. What is the remainder when l is divided by m?
26
Suppose 4 + 41 = 2*p + 3*t, 39 = 2*p + t. Let i = -99 - -3. Let v = i + 149. Calculate the remainder when v is divided by p.
17
Let a = 110 + -137. Let j = a + 60. What is the remainder when (8/10)/(2/245) is divided by j?
32
What is the remainder when 1375 is divided by (2 - 1)/((32/(-52))/(-8))?
10
Suppose -2*t + 18261 = 12*t - 5917. What is the remainder when t is divided by 13?
11
Let u(y) = 52*y**2 + 635*y - 5660. What is the remainder when u(9) is divided by 11?
10
Suppose -2*d - 3*d = -4*z + 53, -27 = -z + 4*d. Suppose 12 = -z*q + 82. Suppose -s + 74 = q. Calculate the remainder when s is divided by 34.
30
Let p(w) = -w**3 + 12*w**2 - 5*w - 59. Calculate the remainder when 144 is divided by p(11).
4
Suppose -15*t + 62586 = 23*t. Calculate the remainder when t is divided by 75.
72
Calculate the remainder when (15/70 - 3720/112)*809/(-3) is divided by 9.
7
Let m(o) = 10*o**2 - 5*o - 6. Let l be m(4). Suppose 0 = -a + 5*r - 100, -2*a - l = -2*r + 98. Let h = -12 - a. What is the remainder when h is divided by 37?
34
Let x(z) = 9*z**3 + 739*z**2 + 86*z + 371. Let i = -200 - -414. Calculate the remainder when i is divided by x(-82).
42
Let f = -7287 + 7344. Let b(x) = -3*x**3 - 10 - x**3 - 6*x**2 + 7*x + 3*x**3. What is the remainder when b(-9) is divided by f?
56
Let m = -28659 + 33061. What is the remainder when m is divided by 28?
6
What is the remainder when 585 is divided by 8 - (24/(-120) - (-78)/(-10))?
9
Let q(v) = -16*v + 624. What is the remainder when q(24) is divided by 81?
78
Suppose -2*h - 849 = -3*p, 3*p - 3*h - 367 = 488. What is the remainder when p is divided by 10?
9
Let g = -72 + 217. Calculate the remainder when 1159 is divided by g.
144
What is the remainder when (-310)/(-124) + ((-16937)/(-2))/1 is divided by 8?
7
What is the remainder when (-20 - 345)/(1/(-8)) is divided by 172?
168
Let n(w) = w**3 + 64*w**2 + 653*w + 26. What is the remainder when n(-43) is divided by 17?
15
Calculate the remainder when 621 is divided by ((-1956)/(-16))/(18/24).
132
Let m(o) = 0*o**3 - 18*o**2 - 458 + 412 + o**3 + 9*o. Calculate the remainder when m(18) is divided by 32.
20
Let a(p) = p**3 - 5*p**2 + 6*p + 6. Suppose 1952 = 170*v - 768. What is the remainder when a(6) is divided by v?
14
Let y = -3692 + 4303. What is the remainder when y is divided by 2?
1
Let k = 1706 - 1662. What is the remainder when 481 is divided by k?
41
Suppose -327 - 1335 - 639 = -177*s. What is the remainder when 375 is divided by s?
11
Let h(w) = -2*w**2 - 4*w + 7. Let x be h(0). Suppose -x*m = -133 + 42. Suppose m*q = 12*q + 72. Calculate the remainder when q is divided by 13.
7
Suppose -5*h = -2*w + 210, 5*h = 73*w - 77*w + 330. What is the remainder when 984 is divided by w?
84
Suppose 3*r + 31 = 820. Let x = 500 - r. Calculate the remainder when x is divided by 8.
5
Let v be ((-48)/72)/(4/(-354)). Suppose 5*o - v = 1. Calculate the remainder when 250 is divided by o.
10
Calculate the remainder when 4 - (-22 + -10)/(1/58) is divided by 69.
66
Let z(v) = 20*v**2 + 1473*v + 58. What is the remainder when z(-75) is divided by 683?
34
Let y(q) = 8*q + 3. Let x be y(3). Suppose -4*d + x = -41. Suppose m - 5*s - 15 = 0, 3*m + 2*s - 3*s = 17. What is the remainder when d is divided by m?
2
Let v(b) = 17*b - 131. Let g be v(8). Suppose -3*o - 6*l + g*l = -123, -2*l = 0. What is the remainder when 143 is divided by o?
20
Let c(x) = -34*x - 80. Let k be c(-4). Let g = k - -40. Calculate the remainder when g is divided by 7.
5
Let p(s) = -3*s - 3. Let t = 300 - 295. Suppose -t*f - 17 = -112. Calculate the remainder when f is divided by p(-3).
1
Suppose 4*v + 199 = -77. Let p = -859 + 775. Let k = v - p. What is the remainder when k is divided by 6?
3
What is the remainder when ((-42)/(-21))/((-323)/(-107) + -3) is divided by 54?
53
Let z(i) = -77*i**2 + i + 22. Suppose 0 = -4*b + 12 + 8. Suppose -3*r = -b*q - 3 + 11, -5*q - 5*r + 40 = 0. Calculate the remainder when z(0) is divided by q.
2
Let v = 16 + -15. Suppose -2*f - 4*b = -14, -3*f + 4*b + v = -4*f. Suppose 0 = -38*j + 31*j + 203. What is the remainder when j is divided by f?
14
Calculate the remainder when 2624 is divided by (-14 - -3878)/21 + -9.
174
Let g = -8685 + 8736. Suppose -y + 28 = -0*y - 5*q, q = -4*y + 70. What is the remainder when g is divided by y?
15
Let u = 283 + -228. Suppose v - 3*n + 3 = 12, 2*v - 15 = 5*n. Calculate the remainder when u is divided by 6/(-3) + 22 + v.
15
Suppose 2*l + 2*h - 98 = 0, 4*l - 260 = 5*h - 91. Let q(s) = -2*s**2 - 26*s + 8. What is the remainder when l is divided by q(0)?
6
Let n(x) = 211*x + 3179. What is the remainder when n(-14) is divided by 6?
3
Suppose -4*b + 4 = -3*b, 3*h + 5*b - 1085 = 0. What is the remainder when 1068 is divided by h?
3
Let i be ((-8)/28)/(3/(-